r(-4).
-11
Let q(a) = -7*a - 1. Give q(1).
-8
Let k(l) = 2*l**2 - 12*l + 5. What is k(5)?
-5
Let a(j) = -2*j**2 - 19*j - 31. Give a(-8).
-7
Let p(b) = 6*b**3 - 8*b + 8. What is p(1)?
6
Let s(y) = -y**3 + 50*y**2 - 50*y + 46. Calculate s(49).
-3
Let q(a) = -a**2 - 12*a - 44. Give q(-3).
-17
Let g(n) = -38*n + 75. What is g(2)?
-1
Let x(p) = -p**3 - 50. Determine x(0).
-50
Let y(l) = -l**2 + 10*l + 5. Give y(6).
29
Let o(g) = -g**3 - g**2 - 1. Calculate o(-1).
-1
Let a(x) = 3*x**3 + 2*x**2 - 7*x. What is a(-3)?
-42
Let a(b) = -62*b + 44. Give a(3).
-142
Let w(s) = -92*s**3 - 2*s**2 + 2*s - 1. Determine w(1).
-93
Let j(t) = -t**2 - 3*t + 7. Give j(2).
-3
Let p(t) = 84*t - 931. What is p(11)?
-7
Let u(i) = -2*i**2 - 14*i + 8. Give u(-9).
-28
Let u(y) = -y**2 - 6*y + 30. Calculate u(4).
-10
Let s(i) = -2*i**3 + i**2 - 5*i + 15. Determine s(2).
-7
Let r(y) = 5*y**3 - y**2 - 2*y - 1. Determine r(-1).
-5
Let y(g) = -g**2 + g + 9. Give y(5).
-11
Let u(l) = -l**3 - 12*l**2 - 27*l + 38. Give u(-8).
-2
Let f(w) = -14*w + 1182. Calculate f(85).
-8
Let a(w) = -w**3 - 3*w**2 + 6*w - 7. What is a(2)?
-15
Let z(p) = 23*p - 173. Determine z(6).
-35
Let d(n) = -44*n**3 - n**2 + n + 1. Determine d(-1).
43
Let f(q) = q**3 - 2*q**2 - 6*q - 3. Give f(4).
5
Let i(j) = -j**3 - 9*j**2 + 10*j - 19. Give i(-10).
-19
Let y(d) = -d**2 + 3. What is y(-3)?
-6
Let t(a) = -a**2 + a - 5. Calculate t(-6).
-47
Let v(d) = 5*d**2 + 2*d. Determine v(-2).
16
Let w(m) = m + 33. Give w(-28).
5
Let a(t) = -t**2 + 15*t + 260. Calculate a(25).
10
Let g(n) = -n**3 + 7*n**2 - 11*n - 31. Give g(8).
-183
Let l(t) = -t**2 + 2*t + 7. What is l(3)?
4
Let x(l) = 6*l**2 + l + 3. Give x(-3).
54
Let s(i) = i**3 + 11*i**2 - 16*i - 27. Calculate s(-12).
21
Let o(h) = -h**2 - 2*h - 2. Determine o(-2).
-2
Let n(m) = 4*m - 44. Give n(10).
-4
Let i(n) = -n**3 + 7*n**2 - 11*n - 5. Give i(5).
-10
Let n(o) = -3*o + 35. Determine n(-2).
41
Let p(s) = -s**2 + 29*s - 93. What is p(4)?
7
Let t(r) = r**2 + 2*r - 1. Calculate t(0).
-1
Let c(x) = -x**2 + 7*x - 8. Give c(6).
-2
Let p(y) = 2*y**2 - 20*y - 74. Give p(13).
4
Let l(n) = -n + 34. What is l(16)?
18
Let x(r) = 3*r**2 - 9*r + 3. Calculate x(4).
15
Let l(a) = -a**3 - 4*a**2 + a. Give l(-4).
-4
Let o(c) = -2*c**2 - 18*c - 11. Calculate o(-8).
5
Let v(y) = -3*y**3 + 3*y**2 + 2. What is v(3)?
-52
Let t(l) = -12*l - 3. Calculate t(-1).
9
Let u(j) = -7*j**3 - 3*j**2 - 2*j - 1. What is u(-1)?
5
Let l(x) = -41*x**3 - x**2 - 5*x - 3. Calculate l(-1).
42
Let w(t) = -t**3 + 9*t**2 + 12*t - 29. Calculate w(10).
-9
Let s(v) = -v**2 - 33*v - 245. What is s(-21)?
7
Let l(u) = u**2 + 19*u + 86. Determine l(-10).
-4
Let f(l) = l**2 - 11*l + 26. Give f(11).
26
Let x(a) = a**3 + 5*a + 26. Calculate x(0).
26
Let d(i) = -i + 25. Give d(28).
-3
Let w(v) = -2*v**2 - 5*v - 7. What is w(-3)?
-10
Let a(w) = w**2 - 8*w + 14. Determine a(0).
14
Let q(m) = -4*m**2 + 38*m - 100. Determine q(5).
-10
Let j(b) = 4*b + 3. Calculate j(-1).
-1
Let g(v) = -v**3 + 41*v**2 - 39*v - 32. Calculate g(40).
8
Let l(o) = -o**2 + 13*o - 34. Give l(10).
-4
Let a(z) = 9*z**3 + z. Determine a(1).
10
Let r(f) = 7*f + 129. Give r(-27).
-60
Let x(o) = -2*o + 11. What is x(7)?
-3
Let a(z) = z**2 + 17*z + 24. Determine a(-15).
-6
Let v(d) = 2*d**3 + 47*d**2 + 21*d - 67. Calculate v(-23).
-21
Let w(v) = -v**2 - 5*v + 24. Give w(-8).
0
Let t(k) = -58*k**2 + 7*k + 5. Calculate t(-1).
-60
Let x(w) = -w**3 - 4*w**2 + 9*w + 9. Calculate x(-6).
27
Let x(p) = p**2 + 2*p - 9. What is x(-4)?
-1
Let q(h) = -h**3 - 2*h**2 - 2*h + 10. What is q(2)?
-10
Let z(g) = 6*g**2 - 4*g - 2. What is z(3)?
40
Let s(q) = -q**2 - 15*q - 60. Give s(-8).
-4
Let r(b) = -b**2 - 43*b - 85. Determine r(-41).
-3
Let c(a) = 3*a**2 - 36*a + 17. What is c(12)?
17
Let z(r) = r**3 + 6*r**2 - 4. Calculate z(-5).
21
Let g(t) = t**2 - 12*t + 14. Determine g(4).
-18
Let b(f) = -f**3 - 22*f**2 - 22*f - 9. What is b(-21)?
12
Let m(u) = -2*u**2 + 74*u - 73. Give m(1).
-1
Let b(n) = n**3 + 2*n**2 + 3*n + 9. Calculate b(-3).
-9
Let u(v) = -3*v**2 - 16*v - 28. What is u(-3)?
-7
Let j(q) = q**2 + 18*q + 42. What is j(-15)?
-3
Let f(x) = -3*x**2 - x - 2. Calculate f(-1).
-4
Let r(g) = 2*g + 8. Determine r(-5).
-2
Let z(n) = -n**3 + 6*n**2 + 8*n + 1. Determine z(8).
-63
Let i(n) = n - 2. What is i(-6)?
-8
Let b(l) = 2*l**3 - 2. What is b(-2)?
-18
Let v(n) = 5*n**3 + 13*n**2 - 6*n - 6. Give v(-3).
-6
Let a(i) = -40*i - 8. Determine a(-1).
32
Let u(q) = q**3 - q**2 + 2*q + 4. Determine u(-3).
-38
Let r(f) = -f**3 + 7*f**2 + 2*f - 10. Give r(7).
4
Let p(q) = 4*q**3 + q**2 + 7*q + 7. Give p(-1).
-3
Let u(j) = j**2 - 8*j - 22. Give u(10).
-2
Let h(m) = 6*m + 35. Give h(-7).
-7
Let t(q) = -10*q**2 + 13*q + 23. Determine t(-2).
-43
Let g(m) = 2*m**3 + 13*m**2 + 33. What is g(-7)?
-16
Let h(y) = 14*y - 7. Calculate h(1).
7
Let w(d) = -d**3 - 5*d**2 - 13*d - 6. Calculate w(-5).
59
Let s(d) = 20*d + 1. Calculate s(-10).
-199
Let x(h) = -h**3 + 10*h**2 - 23*h - 6. What is x(5)?
4
Let i(z) = -z - 8. Give i(-4).
-4
Let z(y) = y**3 + 4*y**2 + 2*y + 42. Give z(-5).
7
Let s(p) = -p**2 + 4*p + 20. Calculate s(7).
-1
Let z(b) = -b**3 - 8*b**2 - 9*b - 4. Determine z(-6).
-22
Let k(b) = -17*b + 356. What is k(20)?
16
Let r(u) = -u**2 - u - 2. Determine r(0).
-2
Let m(g) = g**3 - 7*g**2 + 5*g - 7. Give m(7).
28
Let w(d) = d - 3. Calculate w(-10).
-13
Let s(h) = h**3 - 9*h + 3. Determine s(-3).
3
Let j(i) = 6*i**3 + i**2 - 2*i. What is j(1)?
5
Let w(u) = 3*u**2 + 11*u + 4. Determine w(-3).
-2
Let s(m) = m**2 - 15*m - 8. What is s(15)?
-8
Let z(i) = -8*i + 43. Give z(8).
-21
Let i(h) = 5*h**2 + 7*h - 3. Calculate i(-2).
3
Let f(y) = 6*y - 9. Calculate f(5).
21
Let g(k) = -2*k - 9. Calculate g(-6).
3
Let t(i) = 49*i - 1. Determine t(2).
97
Let c(w) = w + 31. Give c(-11).
20
Let w(f) = f**3 + 9*f**2 + 9*f - 6. Determine w(-7).
29
Let p(c) = -c**3 + 7*c**2 - 2*c - 14. Give p(7).
-28
Let x(j) = -j**3 + j + 1. Give x(2).
-5
Let j(u) = -u**3 - u**2 + 2*u - 3. Determine j(0).
-3
Let s(r) = 2*r**3 + 3*r**2 + r - 2. Give s(-2).
-8
Let w(f) = f**2 + 35*f + 42. Determine w(-35).
42
Let g(s) = -s**3 + 7*s**2 - 9*s + 13. Give g(6).
-5
Let l(f) = -2*f**2 + 27*f + 41. Determine l(13).
54
Let h(i) = -i**3 + 7*i**2 + i - 14. Give h(7).
-7
Let t(b) = 20*b + 80. What is t(-4)?
0
Let o(k) = 4*k**2 + 8*k + 3. What is o(-2)?
3
Let z(t) = t**2 - 3*t + 1. What is z(4)?
5
Let r(k) = 2*k**2 + 18*k + 15. What is r(-6)?
-21
Let b(p) = -2*p**2 + p - 2. Give b(1).
-3
Let q(k) = 6*k**3 - k. What is q(1)?
5
Let v(n) = -3*n + 5. What is v(-2)?
11
Let p(m) = -m**3 + 20*m**2 + 5*m - 18. Give p(20).
82
Let i(a) = -a**2 - 4*a - 5. What is i(-8)?
-37
Let x(b) = -b**2 - 1. Calculate x(4).
-17
Let h(z) = -5*z**2 + 4*z - 3. Calculate h(3).
-36
Let u(i) = -i**2 + 12*i + 14. What is u(12)?
14
Let l(r) = -r + 14. Calculate l(12).
2
Let j(o) = -21*o**3 - 3*o**2 + 3*o + 6. Calculate j(-1).
21
Let o(m) = -m**3 - 3*m - 2. Give o(0).
-2
Let p(k) = 7*k + 82. What is p(-7)?
33
Let m(k) = -2*k**2 - 14*k - 4. Calculate m(-8).
-20
Let t(s) = -22*s + 238. What is t(9)?
40
Let o(v) = v**3 - 9*v**2 + 8*v - 8. What is o(9)?
64
Let x(r) = -r**2 + 13*r + 24. Calculate x(16).
-24
Let p(f) = 4*f + 5. Give p(-3).
-7
Let a(l) = -l**3 + 13*l**2 + 14*l + 11. Determine a(14).
11
Let m(w) = -w**3 - 5*w**2 - 6*w + 23. Calculate m(-8).
263
Let q(w) = -w**3 - 10*w**2 - 5*w + 14. Give q(-9).
-22
Let j(p) = 2*p**2 + 4*p + 8. Determine j(-5).
38
Let o(g) = 2*g**2 - 32*g + 22. Determine o(15).
-8
Let f(b) = 2*b**2 - 4*b + 7. Calculate f(-5).
77
Let p(u) = -u**2 + 10*u - 16. Determine p(7).
5
Let u(h) = h**3 + 9*h**2 + 11. Determine u(-9).
11
Let q(o) = 6*o**2 + 2*o + 4. Give q(0).
4
Let i(a) = -48*a**3 + a + 1. Calculate i(-1).
48
Let h(q) = 9*q**3 - 3*q + 2. Determine h(1).
8
Let t(g) = -g**3 + g**2 - 14*g + 5. What is t(3)?
-55
Let x(r) = 11*r - 9. Determine x(5).
46
Let d(a) = -a**3 - 7*a**2 + 7*a - 10. Calculate d(-8).
-2
Let u(n) = -n**2 - 5*n - 12. Calculate u(-3).
-6
Let s(b) = -b**2 + 8*b + 41. What is s(15)?
-64
Let m(g) = g**2 + 20*g - 26. Calculate m(-18).
-62
Let n(r) = 6*r - 33. Give n(5).
-3
Let a(b) = -3*b + 26. What is a(0)?
26
Let f(w) = 9*w + 3. What is f(-1)?
-6
Let j(p) = p**3 - 38*p**2 + 72*p - 4. Give j(36).
-4
Let w(t) = -3*t + 2